z - 99. Is i(6) a composite number?
True
Let j be (-105)/3 - (-3 - -3). Let n = j + 24. Is (-8950)/(-22) + (-2)/n prime?
False
Let v = -84 - 41. Suppose -2*a + 5*s = -531, 5*a = -0*a - 5*s + 1345. Let f = v + a. Is f a prime number?
False
Is (9/(-6))/(51/(-22270)) composite?
True
Let b = 63 - 41. Suppose 5*i - b = -2. Let l(w) = 9*w**2 - 5*w + 3. Is l(i) composite?
False
Let w(z) = z**3 + 6*z**2 - 10*z - 16. Let q be w(-7). Suppose -5*d = 3*j + 6 - 33, 0 = q*j - d - 17. Suppose j*s = -16 + 228. Is s a composite number?
False
Let k be (-6)/(18/(-795)) + 1. Is (k/(-14))/(1/(-5)) composite?
True
Let f = 5 - 5. Suppose f = 7*t - t - 12. Suppose 0 = -t*s - 3*i + 106, 3*s - 5*i - 53 = 2*s. Is s prime?
True
Suppose 0 = -g - 3 + 5. Suppose 5*u - 5*a + 0 + 5 = 0, 0 = 2*a - 2. Suppose g*i + i - 447 = u. Is i a prime number?
True
Let h = -6092 - -21901. Is h composite?
False
Let u = 30 - 61. Let a(j) = -2*j**3 + j + 2. Let d be a(-3). Let s = d + u. Is s composite?
True
Let y = 2613 - 1715. Is y composite?
True
Suppose 44 = 6*a + 14. Let f(g) = -g**3 + 6*g**2 - 5*g + 4. Let c be f(a). Suppose 3*k - 437 = 2*d, 13 = -2*k - c*d + 283. Is k composite?
True
Suppose g - 26 = -g. Let m(x) = x**3 - 13*x**2 + 17*x + 28. Is m(g) a prime number?
False
Suppose 2*o = 3*i + 1880, 2*i = -19*o + 16*o + 2807. Is o a prime number?
True
Let u = -114 + 253. Let w = 234 - u. Is w prime?
False
Let d = 17 - 0. Suppose 7*i - 11*i = -1784. Suppose -d*a + 19*a = i. Is a prime?
True
Let x = 95622 + -48935. Is x a composite number?
False
Let j(g) = 5093*g**2 + 2*g - 2. Is j(-1) composite?
True
Is (-8336)/32*(26/(-2) - 1) prime?
False
Let m(d) = 20*d**2 - d - 4. Let i be m(-5). Let q = 352 + i. Is q a composite number?
False
Let b be 9/9*(1510 + 0). Suppose 2*a + a - 595 = -2*n, 0 = -5*n - 3*a + b. Is n a prime number?
False
Let f(n) = 1104*n + 53. Is f(7) composite?
True
Let g be (-12)/(-10)*50/30. Suppose -3*z + 2906 = -p, -g*z + 1662 + 277 = -p. Is z a composite number?
False
Let x(u) = 3 + 14*u + 0 + 6. Let g be x(6). Let b = g + -40. Is b composite?
False
Let h be 5/(4/(-1) - 33/(-9)). Suppose 0 = 3*v - 3*a + 60, 19 = -v + 4*a - 16. Is (-858)/h + 3/v a composite number?
True
Suppose -16281 = -12*q + 3*q. Let a = q + 4540. Is a a composite number?
True
Let y(g) = 5*g**2 + 3*g - 1. Let s(j) = 1 - 8 + 1 - 2*j + 4. Let b be s(2). Is y(b) composite?
True
Suppose 0*b + 2*b + 6 = 3*c, b + c + 3 = 0. Let z be (-12)/(-8)*8/b. Is (-1082)/z*(2 + 0) composite?
False
Let q = 15009 + -736. Is q prime?
False
Let t(a) = -a**2 + 13*a - 10. Let z be t(14). Let f = 34 + z. Suppose -4*w + 58 = -3*w + 5*m, -f = 2*m. Is w a prime number?
True
Let p be (-34)/(-12) + (-4)/(-24). Is (-3)/(p/3) + 922 a composite number?
False
Let l(t) = t**3 + 2*t**2 + 9*t + 3811. Is l(0) a prime number?
False
Let f(w) = w + 2. Let h be 2/(-3) - 28/(-6). Let x be f(h). Suppose 5*b - x*g = -2*g + 459, 4*b = g + 376. Is b prime?
False
Suppose 15*g = 141782 + 123073. Is g a prime number?
True
Let l = -1045 + 528. Let d = 124 - l. Is d a prime number?
True
Let c(n) be the second derivative of 2*n**4/3 - 5*n**3/6 - 2*n**2 + 11*n. Is c(-3) prime?
True
Let m(f) = 2*f**3 - f + 4. Let d be m(2). Let a(u) = 16*u**2 + 25*u - 11. Is a(d) prime?
True
Suppose -k + 13 = -0*k. Let o(j) be the first derivative of j**3/3 - j**2 + 6*j + 1. Is o(k) composite?
False
Let y(h) = -h**3 - 5*h**2 - 6*h - 6. Let z be y(-4). Suppose 1063 = 5*r - 0*c + z*c, 4*r + 2*c = 852. Is r a prime number?
True
Let h = -8 + 7. Is (h + (-12002)/8)/((-7)/28) prime?
False
Suppose -12770 = -28*w + 35586. Is w prime?
False
Let y(k) = k**3 + 6*k**2 - 7*k - 3. Let a be y(-6). Is 13335/65 - 6/a a composite number?
True
Suppose 24*l + 888 = 28*l. Suppose i - 5*w + 141 = 2*i, 2*i - 5*w = l. Is i prime?
False
Let b = 79 + -5. Suppose 5*z - b = -0*x + 2*x, -z = 4*x - 6. Is z composite?
True
Suppose -2*h = -4*k - k + 4547, -3*k + 2737 = h. Is k a composite number?
False
Let j be 13/(-5) - 8/20. Let o(s) = 117*s**2 - 29*s - 32. Let h be o(-13). Is j/27 - h/(-27) a composite number?
True
Is (-12)/(-9)*741174/56 composite?
True
Suppose 5*n + b = 6058, -3*b = -5*n + 3508 + 2558. Suppose -5*i + 2693 + n = 0. Is i a prime number?
False
Suppose 66*d - 71*d + 15 = 0. Suppose y = -0*q + 4*q - 250, -3*y = 6. Suppose 0 = d*r - r - q. Is r a composite number?
False
Let r = 4011 - 2768. Is r a composite number?
True
Let z(w) = 3698*w**3 + w**2 - 3*w + 9. Is z(2) a prime number?
False
Suppose -2*d + q + q = -1554, -4*d + 3103 = -3*q. Suppose -103 = 3*r - d. Is r a prime number?
True
Let t(m) = m**3 + 3*m**2 + 3*m + 1. Let a be t(-1). Suppose -p + a*p = -974. Is p composite?
True
Let y be (-8)/(-14) + 219/21. Suppose 4*k = 2*u + 134, -y = 4*k + u - 130. Is k a prime number?
True
Let d = -8970 + -54905. Is (-2)/3 - (-6 - d/(-21)) a prime number?
False
Suppose -5*z = -4*n - 7*z + 8850, 2*n = z + 4427. Is n a prime number?
True
Suppose -4*b = 2*m - 16, 0 = m + 3*m + 8. Suppose -1225 = -4*w + q, -322 = -w - 0*q - b*q. Is w prime?
True
Let a(d) = 81*d**2 + 28*d**2 + d**2 - 2*d + 25*d**2 - 1. Let x be a(-2). Suppose 0*r = -3*r + x. Is r a composite number?
False
Let k = 16624 + -9827. Is k composite?
True
Suppose 19*j - 24452 = 15*j. Is j a prime number?
True
Let o(j) = -j**2 + 9*j - 7. Let l be o(7). Suppose -26222 + 9233 = -l*k. Is k a prime number?
False
Suppose 0 = -4*n + 4*t + 92, -2*n - t = -2*t - 44. Let b be (18/n)/((-1)/7). Is b/(2 - 72/34) composite?
True
Let c = 1382 - -14507. Is c composite?
False
Let l(h) = h**3 - 7*h**2 - 3. Let z be l(7). Let f be z - -6 - (-3 + 2). Suppose q - 4 + 5 = 0, 0 = -f*p - 4*q + 120. Is p a composite number?
False
Suppose 2*p = -p - 6. Let y be ((-44)/6)/(p/(-3)). Is (-2033)/y - 10/(-55) a prime number?
False
Is 4/16*(-12 + 12240) a prime number?
False
Suppose -2*c + 24582 = -4*j, j + 0*j + 24597 = 2*c. Is c prime?
True
Let a be 162/(-4)*(-8)/6. Suppose 4*r = 3*r - a. Let g = -20 - r. Is g composite?
True
Suppose -m - 3 = c, m - 2 = -0*m - 2*c. Is (-15666)/(-28)*m/(-6) composite?
True
Let f(b) = -19*b**3 - b**2 - b. Suppose 0 = 3*o - 6. Suppose -3*v - 6 = g - 1, 5*v + 1 = o*g. Is f(v) a prime number?
True
Let a(w) = w**2 - 2*w - 6. Let m be a(4). Suppose -2*h + 41 = -4*c - 53, 0 = m*c + h + 53. Is (-1910)/c - 6/(-10) a composite number?
True
Let q be (966 + -2)/(-4) - -4. Let r = q - -332. Is r a composite number?
True
Let m be (-146)/2*(-2 + -5). Suppose -17*j + 11*j = -6564. Let f = j - m. Is f prime?
False
Suppose 3*z = 10*z - 30506. Is z a composite number?
True
Is (50/(-40) - (-295294)/(-8))/(-1) composite?
False
Let c = 2227 + -934. Is c a prime number?
False
Suppose -5*g - 5434 = -9*g + 2*j, -g + j + 1360 = 0. Is g a prime number?
False
Let q be 8*(0 + (-1455)/(-20)). Is q/(-9)*12/(-8) a prime number?
True
Let x = -14549 - -81202. Is x a composite number?
False
Let p be (-3872)/(-1)*(2 + -2 - -1). Suppose -k + p = -10079. Is k prime?
False
Let g be -3 - (-6 + 4/(-2)). Suppose 0 = -b - g*k + k + 239, 0 = 4*b - 3*k - 1051. Is b prime?
False
Let i(o) = 11303*o + 140. Is i(3) prime?
False
Suppose 9*n + 301 - 3658 = 0. Is n composite?
False
Let u be 16/(-4) + (1 - 3). Let s(m) = m**2 + 5*m - 6. Let n be s(u). Let z(v) = -2*v**2 + 65. Is z(n) a prime number?
False
Let i = -5 + 5. Suppose 5*n + o - 3695 = i, -n - 1478 = -3*n - 4*o. Is n prime?
True
Let g = -4 - -8. Suppose g*x + 3*d = -2 + 10, 4*d = -2*x + 4. Suppose -213 = -x*p - p. Is p prime?
True
Let b(y) = 23*y**3 + 24*y**2 - 11*y + 35. Is b(8) prime?
True
Suppose 61*i - 64*i + 15 = 0. Suppose r - 7552 = -4*d, i*d - 4*r = 11286 - 1825. Is d prime?
True
Suppose -11*r + 8*r + 6 = 0. Let h(s) be the third derivative of 31*s**5/20 + s**4/24 - s**3/6 + 2*s**2. Is h(r) composite?
False
Is 30250/20 - 3/(-6) a prime number?
False
Let d(b) = -2*b**2 - 3*b + 20. Let y be d(0). Suppose 4*a + h - 1169 = 0, 0*h + y = 4*h. Is a composite?
True
Let l be (2 + 14/(-2))*-35. Let w = -98 + l. Is w prime?
False
Let d = -189610 - -328581. Is d a prime number?
False
Let y be 4905 - 0/(-3) - (1 - 1). Suppose 5*v + 327 = h - 1297, 0 = -3*h + 4*v + y. Is h prime?
False
Suppose 0 = 2*z + 3*k - 10165, 2*k + 7592 + 7675 = 3*z. Is z a composite number?
False
Is (-14 - -12)*1674/(-1) - -5 a prime number?
False
Let x be (-